/(-20) + -4)*5?
89
Let d = 9961 + -3511. What are the prime factors of d?
2, 3, 5, 43
Suppose -14*u = 40 - 12. What are the prime factors of (-135 + u)/(1/(-3))?
3, 137
Suppose 5*f + 21 = -3*x, 8*x - 9*x + f = 7. Let o(q) = 6*q**2 - 5*q - 44. What are the prime factors of o(x)?
3, 5, 19
Let p(c) = 6*c**2 + 7*c - 114. Suppose 40 = 4*y - 2*b, 32*y - 29*y + b - 30 = 0. List the prime factors of p(y).
2, 139
Let c(x) be the second derivative of x**4/12 + 5*x**3/3 + 9*x**2/2 + 23*x. Let t = 18 - 30. What are the prime factors of c(t)?
3, 11
Suppose -12*b = -1321 - 1467 + 136. Let n = 0 + 0. Suppose 0 = -q - i + b, -4*q + n*i + 872 = i. List the prime factors of q.
7, 31
Suppose 9*k = 8*k + 44. Suppose 6*y = -1700 + k. Let z = -189 - y. What are the prime factors of z?
3, 29
Let r(k) = k**3 - 4*k**2 - 2*k - 7. Let s be r(5). Suppose 5*b - s*l = -6*l + 3260, -b + 665 = -3*l. List the prime factors of b.
2, 5, 13
Let j = -109 + 223. Let t = 114 + j. List the prime factors of t.
2, 3, 19
Suppose 8*d - d = 91. Suppose -3*m = 4*x - 24, 0 = -2*m - 2*m + x + d. What are the prime factors of (70/15 - m)*15?
2, 5
Let w be 2*1*(-6 - (10 + -31)). List the prime factors of 56/(-40) - (-11712)/w.
389
Let g(v) = 31*v + 205. Let x be g(-8). List the prime factors of 2/((-31)/(-93) + x/131).
3, 131
Suppose 28*l = -8281 - 16947. Let a = 1001 + l. What are the prime factors of a?
2, 5
Let k(c) = 57*c + 9. Let o(i) = -29*i - 4. Let f(y) = -6*k(y) - 13*o(y). Let b be f(6). Suppose -5*s + b = 8. What are the prime factors of s?
2, 5
Suppose 0 = 9*p - 4*p + 650. Let s = p - -137. Suppose 11*i = s*i + 584. What are the prime factors of i?
2, 73
Let l be 2*((-6)/4)/3. Let a be (-567)/(-28)*l*4. Let b = 120 + a. What are the prime factors of b?
3, 13
Suppose 57218 = 207*a - 200*a. What are the prime factors of a?
2, 61, 67
Suppose 5*o - 65*k + 63*k - 106789 = 0, 3*k = -3*o + 64044. What are the prime factors of o?
5, 4271
Let n(u) = 2*u + 11. Let y be 20/(-5) - -4*1. Let p be n(y). Suppose p*d + 80 = 16*d. List the prime factors of d.
2
Let o(j) = -5*j + 76. Let v be o(17). List the prime factors of (504/(-15))/(v/30).
2, 7
List the prime factors of (-1 - 78)/((-32)/2080).
5, 13, 79
Let n(c) = -13 + 2*c + c**2 + 4*c - c. Let u be n(-10). Let y = 119 + u. List the prime factors of y.
2, 3, 13
Let j(h) = 5*h**2 + 7*h + 4. Let c be j(-1). Suppose -2*t + u + 986 = 3*t, c*t + u - 393 = 0. What are the prime factors of t?
197
Let h(d) = -25*d - 20. Suppose -3*j + 11 = -m, 4*j - 55 = 5*m + 2*j. What are the prime factors of h(m)?
3, 5, 17
Suppose 159*m - 162*m + 3*a + 51789 = 0, -4*m - a = -69027. List the prime factors of m.
2, 8629
Let n be ((-560)/(-88) - 6)*11. Let x(v) = 56*v**2 + 2*v - 6. What are the prime factors of x(n)?
2, 449
Suppose -2262576 = -86*m - 785666 + 461788. What are the prime factors of m?
22543
Suppose 12*v = -40286 + 122102. Suppose -7*r - v = -21*r. What are the prime factors of r?
487
Let r(x) = -81*x - 26. Let w be r(3). Let f = w - -163. What are the prime factors of -1*(0 - (1 - f))?
107
Suppose d = -d - 2*q + 112, 5*d = -3*q + 274. Suppose 2*g - 16 = 4*j + 6, 3*g + 4*j - d = 0. What are the prime factors of 522/g*1*(-1 + 6)?
2, 3, 29
Let h(f) = -2533*f - 69. Let p be h(12). List the prime factors of 1/(8/(-10) - 24417/p).
677
Let w(c) = -4*c - 26. Let y be w(-7). Suppose q + 6 = -r + y*q, q = -2*r - 12. List the prime factors of (-562)/r - 24/(-72).
2, 47
Let n = -1089 + 1969. Let h = 1465 - n. What are the prime factors of h?
3, 5, 13
Let k be (-324)/(-8)*(1 - 11). Let q = -200 - k. What are the prime factors of q?
5, 41
Let c(y) be the third derivative of -y**6/120 + y**5/10 + y**4/12 - 5*y**3/3 - 25*y**2. Let x be c(6). What are the prime factors of (x/4)/(1/98)?
7
List the prime factors of 3212/(-5)*(-227 + 207).
2, 11, 73
Let q(o) = -4*o**3 - 26*o**2 - 11*o - 33. What are the prime factors of q(-20)?
21787
Let t = -44 - -54. Let g be 4/((-3)/6 - t/(-4)). Suppose -4*j + 394 = 2*l, -g*l + 388 = -0*l + 2*j. List the prime factors of l.
191
Suppose -6*u - 1006 = -3502. What are the prime factors of u?
2, 13
Let q = 40687 + -25508. Suppose -q = -8*t - 5475. What are the prime factors of t?
1213
Suppose 0 = 29*j - 26*j + 5*a - 30145, 0 = -5*j - 3*a + 50231. What are the prime factors of j?
5, 7, 41
Suppose 0 = -4*g - 3*r + 11378, -73*g + 4*r - 14224 = -78*g. List the prime factors of g.
2, 5, 71
Suppose 0 = 47*a - 54*a - 385. Let w = 751 + a. What are the prime factors of w?
2, 3, 29
Suppose -10*l + 185349 - 69889 = 0. Suppose -8278 = -21*b + l. List the prime factors of b.
2, 59
Suppose -233*s + 231*s = 62. Let h(p) = p**2 + 23*p - 43. What are the prime factors of h(s)?
5, 41
Let n be 6 - 9/((-18)/(-14)). What are the prime factors of n/(-6)*87*68?
2, 17, 29
Let z = 179 - 318. Let g = z + 260. What are the prime factors of g?
11
Let w(m) = -47*m**3 - 13*m**2 + 12*m + 7. List the prime factors of w(-5).
23, 239
Suppose 0*z = -h + z + 8, -2*h + 4 = z. Suppose -2*c - 10 - 16 = 4*d, -h*d - 1 = -3*c. What are the prime factors of 487/3 + (-10)/75*c?
163
Let s be (1 + 6 + 3)/(0 - -2). Suppose -s*u + a = 388 - 3194, -3*u - 4*a = -1679. What are the prime factors of u?
3, 11, 17
List the prime factors of 380/475 + ((-112862)/20)/((-5)/10).
11287
Suppose -18*q - 450 = -33*q. Suppose -q*b = -9*b - 15162. What are the prime factors of b?
2, 19
Let g = -108 - -374. Suppose -2*h + 2*x - 12 = -g, -3*x = h - 123. Suppose 3*m - 3*b - 71 = 103, -2*m + 4*b = -h. What are the prime factors of m?
53
Let b(z) = 3*z - 2. Let v be b(2). Suppose d - 270 = 2*r - 3*r, -544 = -2*d - v*r. Let u = -138 + d. What are the prime factors of u?
2, 5, 13
Suppose 93*f - 3528224 = -904508. What are the prime factors of f?
2, 3, 2351
Let n = -4 + 6. Suppose -2*x + 1674 = 4*o, -n*o + 0*o = 0. What are the prime factors of x?
3, 31
Let v(h) = 10*h + h**3 + h - 10 + h + 2 + 13*h**2. Let z(b) = -4*b + 11. Let w be z(5). List the prime factors of v(w).
2, 13
Let m be (-11)/((-66)/(-40))*6/(-4). Let s be -3 + -8*5/m. List the prime factors of -3 - (1/s - 7532/98).
2, 37
Let k = 22 + -14. List the prime factors of ((-568)/12 + -2)/(k/(-132)).
2, 11, 37
Let n(k) = 2*k**2 + 4*k + 6. Let s(y) = y**2 - 15*y + 23. Let q be s(13). Let i be n(q). Suppose 0 = i*w - 886 - 938. List the prime factors of w.
2, 19
Let f(z) = z**2 + z - 7. Let o be f(5). Suppose 4102 = -16*c + o*c. What are the prime factors of c?
2, 293
Suppose -2*f = 71 - 221. Suppose -f = -l + 5*c, -c = -l - 2*c + 87. Let u = 154 - l. What are the prime factors of u?
3, 23
Suppose -3*n - 1083 = -2*a, -1733 + 86 = -3*a - 3*n. List the prime factors of ((-42)/(-49))/(2/a).
2, 3, 13
Let t = 27 + -26. Let p be -12*1/t*2/3. What are the prime factors of -2 + (4 - 2) - (p + -12)?
2, 5
Let q = 19054 + -11650. What are the prime factors of q?
2, 3, 617
Let l = -451 - -391. What are the prime factors of (0 - l)*(792/(-15))/(-8)?
2, 3, 11
Suppose -3*c = n - 18, -3*n - 37 = -4*c - 0*n. Suppose 4*t + 278 = w, -c*w + 2*w = 5*t - 1365. What are the prime factors of w?
2, 137
Suppose 3*f - o = 28792, -3*f - 14*o + 18*o = -28777. What are the prime factors of f?
29, 331
List the prime factors of 9863 - -10 - (-6 + 9).
2, 3, 5, 7, 47
Suppose 4*n = -0*z - z + 81, -39 = -2*n + z. Let r(g) = 115*g - 12. Let i be r(n). Suppose -11*b = 2*b - i. List the prime factors of b.
2, 11
Let o(z) = -2*z**2 - 22*z + 61. Let l(q) = -3*q**2 - 65*q + 184. Let n(k) = 3*l(k) - 8*o(k). What are the prime factors of n(11)?
2, 3, 13
Let a(j) = -j**3 - 8 - 22 - 42*j - 30*j**2 + 6*j + 3. What are the prime factors of a(-29)?
2, 11
Let x(d) = 438*d + 9940. What are the prime factors of x(89)?
2, 61, 401
Suppose 0 = c + 4*m - 22080, 44178 = -46*c + 48*c + 2*m. What are the prime factors of c?
2, 3, 7, 263
Suppose -2*z = -3*k + 3*z + 10312, -z = -4*k + 13738. What are the prime factors of k?
2, 17, 101
Suppose m = 5*s - 21608, 6*m + 10780 = 2*s + 2148. List the prime factors of s.
2, 2161
Suppose 1781892 = 24*b + 4*k, -5*k = -14*b + 9*b + 371245. List the prime factors of b.
2, 37123
Suppose 0 = 8345*y - 8324*y - 587055. List the prime factors of y.
5, 5591
Let u = 15 + -48. List the prime factors of 6*(3 - u) + 5.
13, 17
Suppose -4*q + 1064 = 4*u - 0*u, -q = -5*u + 1300. Sup